mposite number?
False
Let n = -28 + 47. Suppose -5*y + n = -2*x, -2*x - y = -2*y - 1. Is x - ((-61 - 1) + 0) composite?
True
Suppose -5*f = -2*f - 5*i - 21, 0 = -3*f + i + 9. Suppose -8 = -4*y, 14 = f*x - y + 3*y. Suppose x*w - 80 = 25. Is w a composite number?
True
Suppose 0 = -25*d + 36*d - 252923. Is d a composite number?
False
Suppose 3*r + 236 = o, 2*o - 111 = -4*r + 381. Let v = o - 57. Is v prime?
False
Let u = -1935 - -2882. Suppose m = s - m - u, 10 = -5*m. Is s a composite number?
True
Suppose -5*z + 5*w + 6 = -3*z, -9 = -3*z + w. Suppose -z*y - s = 9, -2*s = s. Is 2/y + (-1342)/(-6) prime?
True
Let h = -150 + 259. Is h prime?
True
Let o(c) = -6*c**3 + 3*c + 2. Let q be o(-2). Let y = 9 + q. Is y composite?
False
Let l be (1/1)/((-11)/(-3905)). Suppose l - 1170 = -u. Is u composite?
True
Let c be (4/(-6))/((-4)/18). Suppose -547 = c*f - 4*p, -f + 2*p = 274 - 93. Is 4/(-10) + f/(-25) a prime number?
True
Let u(j) = -j**2 - 3*j - 5. Let x be u(0). Let s(b) = 43*b**2 + 16*b + 3. Is s(x) a composite number?
True
Let b(p) = 2*p + 14. Let s be b(-6). Is (s - -260)*4/8 composite?
False
Suppose -5*d = -7 - 3. Suppose -d*y = -k - 3*y + 1, 5*k - 2*y = -30. Is 15*(20/(-3))/k prime?
False
Let b(l) be the first derivative of -l**3/3 + 5*l**2/2 + 2*l - 8. Let c be b(4). Is 2416/112 - c/(-14) a composite number?
True
Is (-5 + -77883)/(-2) + (14 - 13) composite?
True
Let w(o) = 2*o**2 - 6*o + 1. Let b be w(4). Let u(y) = -y**3 + 10*y**2 - 8*y - 6. Let a be u(b). Let r(l) = 11*l - 7. Is r(a) prime?
False
Let o = -14 - -17. Suppose -3*b = -4*c + 1931 + 4634, o*c + 3*b = 4908. Is c prime?
False
Let n(p) = -161*p + 45. Let w be n(-18). Suppose 5*y = -3*l + 1300 + 1616, -w = -3*l + 4*y. Is l prime?
True
Let g = 9262 + -3515. Is g composite?
True
Let l(h) = h - 6. Let g be l(6). Suppose g*b + 4*b = 84. Suppose -2*k - b = -467. Is k a composite number?
False
Suppose -16 = -4*f, -f = -3*b + 2*f + 6093. Let w = 3176 - b. Is w composite?
True
Suppose 4*z = 2*z + 1758. Suppose 7*r + z = 10*r. Is r composite?
False
Suppose 5*h = 5*r - 9 - 1, 5*r - 3*h = 12. Suppose r*w - w = 178. Is w composite?
False
Suppose 0 = 3*h + 3*h - 24. Suppose -h*k = -1139 + 247. Is k composite?
False
Suppose 2*k + 10304 - 30824 = -2*r, -4*k + 4*r + 41048 = 0. Is k a composite number?
True
Let t(c) = 4*c**3 - 6*c**2 + 7*c + 12. Let f be t(7). Suppose -3*h + f = -2*h. Is h prime?
False
Suppose 604 = -2*i + 52. Let t(x) = -2*x**3 - 5*x**2 + x - 9. Let d be t(-7). Let a = i + d. Is a a prime number?
True
Suppose -5300 + 98766 = 34*y. Is y a composite number?
False
Let f(x) = 552*x**2 - 4*x + 8. Let w be f(2). Let k = w - 1365. Is k prime?
False
Suppose m = -5, -2*q - q = 3*m - 6. Let o(x) = 107*x - 22. Is o(q) prime?
True
Let p(f) = f**3 - f**2 + f - 1. Let s(y) be the third derivative of -91*y**6/60 - y**5/15 + y**4/8 - y**3/3 + 3*y**2. Let q(r) = 3*p(r) - s(r). Is q(1) prime?
False
Let j(u) = 102*u**2 - 10*u - 19. Is j(6) composite?
False
Suppose 0 = 52*a - 33712 - 178084. Is a composite?
False
Let b(y) = -123*y + 10. Let g = 33 - 40. Is b(g) a composite number?
True
Let j = 52 - -1621. Is j a prime number?
False
Suppose 24*k - 19*k + 5*r - 5600 = 0, k + 2*r - 1125 = 0. Is k composite?
True
Suppose -q - 3 = 0, -2*i - 5*q = -0*q - 8371. Is i prime?
False
Suppose 0 = -5*s + s + 20, 3*s - 5 = f. Suppose -2*n + f = -108. Is n a prime number?
True
Let g be (8 + -3)*9/(-15). Is 4124/10*g/((-12)/10) prime?
True
Is 5/(-7) - (-511176)/266 a prime number?
False
Let d = -89 + 91. Suppose -3*c + 3*p = -261, 0 = -0*c - d*c - 5*p + 139. Is c composite?
True
Suppose -10*m - 26445 = 27245. Let h = m - -9060. Is h a composite number?
False
Suppose -2*b + 2*v + 3283 + 45905 = 0, 0 = 4*b + 4*v - 98368. Is b a composite number?
False
Let u = 195 - -1200. Suppose -70 = -5*z + u. Is z prime?
True
Let z = -5534 + 740. Is (1/(-2))/(3/z) a composite number?
True
Let i be (-1)/(-1 + 2)*0. Suppose i = -3*l + 4*v - 82, -5*l = 2*v - v + 129. Is ((-55)/(-2))/((-13)/l) a prime number?
False
Let g(u) = -9 - 32*u**3 + 1 + 31*u**3 + 11*u**2 - 11*u + 1. Let p(l) = -7*l**3 + 2*l**2 + 2*l + 1. Let n be p(-1). Is g(n) prime?
True
Let h(m) = -42*m - 20. Let p = -8 - 3. Let n be h(p). Let i = -231 + n. Is i a prime number?
True
Let c(r) = 6*r**3 - 2*r**2 + 2*r - 7. Let l = 11 - 6. Is c(l) a prime number?
False
Suppose -6*q - 760 + 29350 = 0. Is q a prime number?
False
Let l(m) = -279*m**3 - 3*m**2 - 2*m - 3. Let f = 45 - 47. Is l(f) a prime number?
True
Let j = -2268 + 4129. Is j composite?
False
Let m(d) = d**3 - d**2 + d + 2. Let q be m(0). Suppose 0 = q*c + 2*c - 16. Is 292/6 + c/12 composite?
True
Let m be 4 + -2 + -2906 - 2/(-1). Let a = -491 - m. Is a prime?
True
Let b(o) = o**2 + 6*o - 1. Let s be b(-7). Let z be (s - (5 + -2)) + 595. Let k = -387 + z. Is k composite?
False
Is 11915/17 - 174/(-1479) prime?
True
Suppose 0 = -2*w - 1952 - 222. Let s = w + 1830. Is s a composite number?
False
Let j(m) = m**3 - 18*m**2 - 23*m + 57. Is j(23) prime?
False
Let j(g) = -g**2 - 8*g - 8. Let k be j(-8). Is k/2 - 1635/(-3) a prime number?
True
Let j(y) = 9*y - 52. Let b be j(6). Suppose 0*z - 5*z = -15. Suppose -b*t + 1495 = z*t. Is t composite?
True
Let h = 205 - 174. Let r = 301 + -213. Suppose -h = -s + r. Is s composite?
True
Let o = 115 - 120. Is o*10/(-25) - -299 prime?
False
Let m(h) = h - 11. Let k be m(-12). Let r = k + 178. Is r composite?
True
Let u(j) = 21*j**2 + 6*j - 4. Let q be 2*3 + (2 - 3). Suppose -4*n + q = -7. Is u(n) prime?
False
Let q(l) = 134*l**2 + 14*l - 25*l + 16*l. Is q(-3) a prime number?
False
Suppose -5*r - 42861 = -m, -186*m + 185*m = 4*r - 42825. Is m a prime number?
True
Let x = -1254 + 576. Let c = x + 997. Is c a prime number?
False
Suppose 5*i = -4*n + 351907, -351901 = -5*i - 17*n + 15*n. Is i a prime number?
True
Let i(j) = 6*j**2 + 3*j + 6. Let k(d) = -3*d + 12. Let a(z) = z**2 + 4*z - 13. Let m(g) = -5*a(g) - 6*k(g). Let n(c) = 6*i(c) + 5*m(c). Is n(6) composite?
True
Suppose 5*p = -4*m + 1191, -477 = -3*p - 5*m + 235. Is p composite?
False
Suppose 0 = -2*l + 16 - 2. Suppose -1 = 2*u - l, -3*m - 4*u = -711. Is m composite?
False
Suppose 4*y = -5*p + 8*p - 580, 2*p + 4*y = 400. Let a be 6/(-6) - 1*-1. Suppose 49 = v - j, -4*v + a*j - j = -p. Is v a prime number?
False
Suppose 24 = -2*b - 4*p, 2*p = 3*b + 3 + 33. Let a = 11 + b. Let d(g) = 212*g**2 + g. Is d(a) a composite number?
False
Let d = -607 + 1056. Is d a prime number?
True
Is 9/18*47*142 composite?
True
Let i = -63625 + 100076. Is i a prime number?
True
Let z be 0/3 + (-1)/((-3)/846). Let g = 575 - z. Is g a composite number?
False
Let p(z) = -2*z**3 - 5*z**2 + 7*z + 1. Let y be p(-5). Let u = y + -43. Let l = u + -17. Is l a prime number?
True
Let v(y) be the first derivative of y**3/3 - 5*y**2/2 - y + 5. Is v(-10) prime?
True
Let w(y) = 671*y + 473. Is w(6) prime?
False
Let p = -14948 - -38671. Is p prime?
False
Let g = 35 + -38. Let y(t) = 22*t**2 - 4*t - 7. Is y(g) a prime number?
False
Let b = -8648 + 35013. Is b a prime number?
False
Let j(z) = -207*z**3 + 2*z**2 - z + 5. Let q(l) = 827*l**3 - 9*l**2 + 3*l - 21. Let y(x) = -9*j(x) - 2*q(x). Is y(1) a prime number?
False
Let y(g) = -g**3 - 6*g**2 - 4*g + 6. Let v be y(-5). Is ((-789)/1)/(-3)*v prime?
True
Let v(q) = 937*q**3 + 2*q**2 + 25*q - 55. Is v(2) prime?
True
Suppose 0 = 3*v - 8*v + 70. Let t be (2 + v/(-4))*12. Let j = 64 + t. Is j composite?
True
Let p(s) = 18*s**2 + 6*s - 1. Let u be p(4). Suppose -54 = -13*h + 16*h. Let g = u + h. Is g a prime number?
True
Suppose r = 526 - 191. Suppose -3*w + r = 3*d - 232, 0 = 4*w - 5*d - 774. Is w composite?
False
Let v = 704 + 198. Suppose 7*d - v = 5*d. Is d a composite number?
True
Let j(x) = -x**3 - 7*x**2 + 9*x + 8. Let v be j(-8). Suppose 2*z - 329 = -w, 3*w + v*w = 4*z - 673. Suppose o + o - z = 0. Is o prime?
True
Let g be 2/8 - 5650/8. Let u = 980 - g. Suppose 0 = 4*i + 5*v - u, -4*i + 1429 = -v - 245. Is i a composite number?
False
Suppose -d + 5*m = 2591 - 23850, 2*d = 2*m + 42486. Is d prime?
False
Suppose 4*y + 8 = 0, -a + 2*y = -3*y - 8673. Is a a composite number?
False
Let p = 4721 + -984. Is p a composite number?
True
Suppose -4*u + f + 63886 = 0, -2*u + f + 31948 = -2*f. Is u composite?
False
Suppose -21*y +